--
-- Host: 34.68.201.7    Database: lpa_kapelusz
-- ------------------------------------------------------


--
-- Table structure for table `contents`
--

CREATE TABLE `contents` (
  `id` int(11) NOT NULL AUTO_INCREMENT,
  `title` varchar(100) DEFAULT NULL,
  `cover` varchar(450) DEFAULT NULL,
  `link` varchar(450) DEFAULT NULL,
  `creator_user_id` int(11) DEFAULT NULL,
  `modifier_user_id` int(11) DEFAULT NULL,
  `time_created` datetime DEFAULT CURRENT_TIMESTAMP,
  `time_updated` datetime DEFAULT CURRENT_TIMESTAMP,
  PRIMARY KEY (`id`)
) ENGINE=InnoDB AUTO_INCREMENT=26 DEFAULT CHARSET=latin1;

--
-- Dumping data for table `contents`
--

INSERT INTO `contents` VALUES (11,'AVANZA PRÁCTICAS DEL LENGUAJE - LENGUA 7','https://contents-lpa.jidadesarrollos.com/kapelusz/portadas/AVZ_PL_7_CiuDigital.JPG','https://contents-lpa.jidadesarrollos.com/kapelusz/AVZ_PL_7_CiuDigital/index.html',NULL,NULL,'2022-12-15 14:07:35','2022-12-15 14:07:35'),(12,'AVANZA PRÁCTICAS DEL LENGUAJE - LENGUA 7 - ANTOLOGÍA LITERARIA','https://contents-lpa.jidadesarrollos.com/kapelusz/portadas/AVZ_PL_7_CiuDigital_Antologia.JPG','https://contents-lpa.jidadesarrollos.com/kapelusz/AVZ_PL_7_CiuDigital_Antologia/index.html',NULL,NULL,'2022-12-15 14:07:35','2022-12-15 14:07:35'),(13,'EL POLLO GOYO PRÁCTICAS DEL LENGUAJE 1','https://contents-lpa.jidadesarrollos.com/kapelusz/portadas/El_pollo_Goyo_PL_1.JPG','https://contents-lpa.jidadesarrollos.com/kapelusz/El_pollo_Goyo_PL_1/index.html',NULL,NULL,'2022-12-15 14:07:36','2022-12-15 14:07:36'),(14,'EL POLLO GOYO PRÁCTICAS DEL LENGUAJE 2','https://contents-lpa.jidadesarrollos.com/kapelusz/portadas/El_pollo_Goyo_PL_2.JPG','https://contents-lpa.jidadesarrollos.com/kapelusz/El_pollo_Goyo_PL_2/index.html',NULL,NULL,'2022-12-15 14:07:36','2022-12-15 14:07:36'),(15,'EL POLLO GOYO PRÁCTICAS DEL LENGUAJE 3','https://contents-lpa.jidadesarrollos.com/kapelusz/portadas/El_pollo_Goyo_PL_3.JPG','https://contents-lpa.jidadesarrollos.com/kapelusz/El_pollo_Goyo_PL_3/index.html',NULL,NULL,'2022-12-15 14:07:36','2022-12-15 14:07:36'),(16,'KAPEMUNDO PRÁCTICAS DEL LENGUAJE 1','https://contents-lpa.jidadesarrollos.com/kapelusz/portadas/Kapemundo_1_PL.JPG','https://contents-lpa.jidadesarrollos.com/kapelusz/Kapemundo_1_PL/index.html',NULL,NULL,'2022-12-15 14:07:37','2022-12-15 14:07:37'),(17,'KAPEMUNDO PRÁCTICAS DEL LENGUAJE 1 - TALLER DE ESCRITORES','https://contents-lpa.jidadesarrollos.com/kapelusz/portadas/Kapemundo_1_PL_Taller_escritores.JPG','https://contents-lpa.jidadesarrollos.com/kapelusz/Kapemundo_1_PL_Taller_escritores/index.html',NULL,NULL,'2022-12-15 14:07:37','2022-12-15 14:07:37'),(18,'LEÍDOS PRÁCTICAS DEL LENGUAJE 7-1','https://contents-lpa.jidadesarrollos.com/kapelusz/portadas/Leidos_7-1_CiuDigital.JPG','https://contents-lpa.jidadesarrollos.com/kapelusz/Leidos_7-1_CiuDigital/index.html',NULL,NULL,'2022-12-15 14:07:37','2022-12-15 14:07:37'),(19,'AVANZA MATEMÁTICA 2 VERSIÓN ACTUALIZADA','https://contents-lpa.jidadesarrollos.com/kapelusz/portadas/AVZ_Matematica_2_actualizado.JPG','https://contents-lpa.jidadesarrollos.com/kapelusz/AVZ_Matematica_2_actualizado/index.html',NULL,NULL,'2022-12-15 14:07:37','2022-12-15 14:07:37'),(20,'TRANSFORMA MATEMÁTICA 4','https://contents-lpa.jidadesarrollos.com/kapelusz/portadas/Transforma_matematica_4.JPG','https://contents-lpa.jidadesarrollos.com/kapelusz/Transforma_matematica_4/index.html',NULL,NULL,'2022-12-15 14:20:04','2022-12-15 14:20:04'),(21,'MATEMÁTICA PARA PENSAR 1','https://contents-lpa.jidadesarrollos.com/kapelusz/portadas/Para_pensar_matematica_1.JPG','https://contents-lpa.jidadesarrollos.com/kapelusz/Para_pensar_matematica_1/index.html',NULL,NULL,'2022-12-15 14:20:04','2022-12-15 14:20:04'),(22,'MATEMÁTICA PARA PENSAR 2','https://contents-lpa.jidadesarrollos.com/kapelusz/portadas/Para_pensar_matematica_2.JPG','https://contents-lpa.jidadesarrollos.com/kapelusz/Para_pensar_matematica_2/index.html',NULL,NULL,'2022-12-15 14:20:04','2022-12-15 14:20:04'),(23,'MATEMÁTICA PARA PENSAR 3','https://contents-lpa.jidadesarrollos.com/kapelusz/portadas/Para_pensar_matematica_3.JPG','https://contents-lpa.jidadesarrollos.com/kapelusz/Para_pensar_matematica_3/index.html',NULL,NULL,'2022-12-15 14:20:04','2022-12-15 14:20:04'),(24,'TRANSFORMA PRÁCTICAS DEL LENGUAJE 4','https://contents-lpa.jidadesarrollos.com/kapelusz/portadas/Transforma_lengua_4.JPG','https://contents-lpa.jidadesarrollos.com/kapelusz/Transforma_lengua_4/index.html',NULL,NULL,'2022-12-15 14:20:05','2022-12-15 14:20:05'),(25,'TRANSFORMA PRÁCTICAS DEL LENGUAJE 5','https://contents-lpa.jidadesarrollos.com/kapelusz/portadas/Transforma_lengua_5.JPG','https://contents-lpa.jidadesarrollos.com/kapelusz/Transforma_lengua_5/index.html',NULL,NULL,'2022-12-15 14:20:05','2022-12-15 14:20:05');

--
-- Table structure for table `contents_levels_jurisdictions`
--

CREATE TABLE `contents_levels_jurisdictions` (
  `id` int(11) NOT NULL AUTO_INCREMENT,
  `content_id` int(11) DEFAULT NULL,
  `level_id` int(11) DEFAULT NULL,
  `jurisdiction_id` int(11) DEFAULT NULL,
  `creator_user_id` int(11) DEFAULT NULL,
  `modifier_user_id` int(11) DEFAULT NULL,
  `time_created` datetime DEFAULT CURRENT_TIMESTAMP,
  `time_updated` datetime DEFAULT CURRENT_TIMESTAMP,
  PRIMARY KEY (`id`)
) ENGINE=InnoDB AUTO_INCREMENT=84 DEFAULT CHARSET=latin1;

--
-- Dumping data for table `contents_levels_jurisdictions`
--

INSERT INTO `contents_levels_jurisdictions` VALUES (11,11,2,9,NULL,NULL,'2022-12-15 14:25:52','2022-12-15 14:25:52'),(12,11,2,12,NULL,NULL,'2022-12-15 14:25:53','2022-12-15 14:25:53'),(13,11,2,13,NULL,NULL,'2022-12-15 14:25:53','2022-12-15 14:25:53'),(14,11,2,14,NULL,NULL,'2022-12-15 14:25:53','2022-12-15 14:25:53'),(15,12,2,9,NULL,NULL,'2022-12-15 14:27:11','2022-12-15 14:27:11'),(16,12,2,12,NULL,NULL,'2022-12-15 14:27:11','2022-12-15 14:27:11'),(17,12,2,13,NULL,NULL,'2022-12-15 14:27:12','2022-12-15 14:27:12'),(18,12,2,14,NULL,NULL,'2022-12-15 14:27:12','2022-12-15 14:27:12'),(19,13,2,1,NULL,NULL,'2022-12-15 14:29:54','2022-12-15 14:29:54'),(20,13,2,2,NULL,NULL,'2022-12-15 14:29:55','2022-12-15 14:29:55'),(21,13,2,4,NULL,NULL,'2022-12-15 14:29:55','2022-12-15 14:29:55'),(22,13,2,13,NULL,NULL,'2022-12-15 14:29:55','2022-12-15 14:29:55'),(23,13,2,14,NULL,NULL,'2022-12-15 14:29:56','2022-12-15 14:29:56'),(24,14,2,1,NULL,NULL,'2022-12-15 14:32:16','2022-12-15 14:32:16'),(25,14,2,6,NULL,NULL,'2022-12-15 14:32:16','2022-12-15 14:32:16'),(26,14,2,2,NULL,NULL,'2022-12-15 14:32:16','2022-12-15 14:32:16'),(27,14,2,10,NULL,NULL,'2022-12-15 14:32:17','2022-12-15 14:32:17'),(28,14,2,11,NULL,NULL,'2022-12-15 14:32:17','2022-12-15 14:32:17'),(29,14,2,13,NULL,NULL,'2022-12-15 14:32:17','2022-12-15 14:32:17'),(30,14,2,14,NULL,NULL,'2022-12-15 14:32:18','2022-12-15 14:32:18'),(31,15,2,1,NULL,NULL,'2022-12-15 14:34:30','2022-12-15 14:34:30'),(32,15,2,6,NULL,NULL,'2022-12-15 14:34:30','2022-12-15 14:34:30'),(33,15,2,7,NULL,NULL,'2022-12-15 14:34:31','2022-12-15 14:34:31'),(34,15,2,2,NULL,NULL,'2022-12-15 14:34:31','2022-12-15 14:34:31'),(35,15,2,3,NULL,NULL,'2022-12-15 14:34:31','2022-12-15 14:34:31'),(36,15,2,10,NULL,NULL,'2022-12-15 14:34:32','2022-12-15 14:34:32'),(37,15,2,11,NULL,NULL,'2022-12-15 14:34:32','2022-12-15 14:34:32'),(38,15,2,13,NULL,NULL,'2022-12-15 14:34:32','2022-12-15 14:34:32'),(39,15,2,14,NULL,NULL,'2022-12-15 14:34:33','2022-12-15 14:34:33'),(40,16,2,6,NULL,NULL,'2022-12-15 14:37:25','2022-12-15 14:37:25'),(41,16,2,8,NULL,NULL,'2022-12-15 14:37:25','2022-12-15 14:37:25'),(42,16,2,10,NULL,NULL,'2022-12-15 14:37:26','2022-12-15 14:37:26'),(43,16,2,13,NULL,NULL,'2022-12-15 14:37:26','2022-12-15 14:37:26'),(44,16,2,14,NULL,NULL,'2022-12-15 14:37:26','2022-12-15 14:37:26'),(45,17,2,6,NULL,NULL,'2022-12-15 14:38:37','2022-12-15 14:38:37'),(46,17,2,8,NULL,NULL,'2022-12-15 14:38:37','2022-12-15 14:38:37'),(47,17,2,10,NULL,NULL,'2022-12-15 14:38:38','2022-12-15 14:38:38'),(48,17,2,13,NULL,NULL,'2022-12-15 14:38:38','2022-12-15 14:38:38'),(49,17,2,14,NULL,NULL,'2022-12-15 14:38:38','2022-12-15 14:38:38'),(50,18,2,7,NULL,NULL,'2022-12-15 14:39:43','2022-12-15 14:39:43'),(51,18,2,13,NULL,NULL,'2022-12-15 14:39:43','2022-12-15 14:39:43'),(52,18,2,14,NULL,NULL,'2022-12-15 14:39:43','2022-12-15 14:39:43'),(53,19,2,3,NULL,NULL,'2022-12-15 14:40:48','2022-12-15 14:40:48'),(54,19,2,11,NULL,NULL,'2022-12-15 14:40:48','2022-12-15 14:40:48'),(55,19,2,13,NULL,NULL,'2022-12-15 14:40:49','2022-12-15 14:40:49'),(56,19,2,14,NULL,NULL,'2022-12-15 14:40:49','2022-12-15 14:40:49'),(57,20,2,1,NULL,NULL,'2022-12-15 14:42:02','2022-12-15 14:42:02'),(58,20,2,3,NULL,NULL,'2022-12-15 14:42:02','2022-12-15 14:42:02'),(59,20,2,11,NULL,NULL,'2022-12-15 14:42:02','2022-12-15 14:42:02'),(60,20,2,13,NULL,NULL,'2022-12-15 14:42:03','2022-12-15 14:42:03'),(61,20,2,14,NULL,NULL,'2022-12-15 14:42:03','2022-12-15 14:42:03'),(62,21,2,2,NULL,NULL,'2022-12-15 14:42:58','2022-12-15 14:42:58'),(63,21,2,13,NULL,NULL,'2022-12-15 14:42:58','2022-12-15 14:42:58'),(64,21,2,14,NULL,NULL,'2022-12-15 14:42:59','2022-12-15 14:42:59'),(65,22,2,2,NULL,NULL,'2022-12-15 14:43:56','2022-12-15 14:43:56'),(66,22,2,11,NULL,NULL,'2022-12-15 14:43:56','2022-12-15 14:43:56'),(67,22,2,13,NULL,NULL,'2022-12-15 14:43:56','2022-12-15 14:43:56'),(68,22,2,14,NULL,NULL,'2022-12-15 14:43:57','2022-12-15 14:43:57'),(69,23,2,1,NULL,NULL,'2022-12-15 14:45:11','2022-12-15 14:45:11'),(70,23,2,2,NULL,NULL,'2022-12-15 14:45:11','2022-12-15 14:45:11'),(71,23,2,11,NULL,NULL,'2022-12-15 14:45:12','2022-12-15 14:45:12'),(72,23,2,13,NULL,NULL,'2022-12-15 14:45:12','2022-12-15 14:45:12'),(73,23,2,14,NULL,NULL,'2022-12-15 14:45:12','2022-12-15 14:45:12'),(74,24,2,1,NULL,NULL,'2022-12-15 14:46:17','2022-12-15 14:46:17'),(75,24,2,5,NULL,NULL,'2022-12-15 14:46:17','2022-12-15 14:46:17'),(76,24,2,2,NULL,NULL,'2022-12-15 14:46:17','2022-12-15 14:46:17'),(77,24,2,13,NULL,NULL,'2022-12-15 14:46:18','2022-12-15 14:46:18'),(78,24,2,14,NULL,NULL,'2022-12-15 14:46:18','2022-12-15 14:46:18'),(79,25,2,5,NULL,NULL,'2022-12-15 14:47:08','2022-12-15 14:47:08'),(80,25,2,2,NULL,NULL,'2022-12-15 14:47:08','2022-12-15 14:47:08'),(81,25,2,13,NULL,NULL,'2022-12-15 14:47:09','2022-12-15 14:47:09'),(82,25,2,14,NULL,NULL,'2022-12-15 14:47:09','2022-12-15 14:47:09'),(83,13,2,11,NULL,NULL,'2023-01-03 20:26:42','2023-01-03 20:26:42');

--
-- Table structure for table `jurisdictions`
--

CREATE TABLE `jurisdictions` (
  `id` int(11) NOT NULL AUTO_INCREMENT,
  `name` varchar(45) DEFAULT NULL,
  `identifier` varchar(45) DEFAULT NULL,
  `creator_user_id` int(11) DEFAULT NULL,
  `modifier_user_id` int(11) DEFAULT NULL,
  `time_created` datetime DEFAULT CURRENT_TIMESTAMP,
  `time_updated` datetime DEFAULT CURRENT_TIMESTAMP,
  PRIMARY KEY (`id`)
) ENGINE=InnoDB AUTO_INCREMENT=16 DEFAULT CHARSET=latin1;

--
-- Dumping data for table `jurisdictions`
--

INSERT INTO `jurisdictions` VALUES (1,'CATAMARCA',NULL,NULL,NULL,'2022-12-14 13:44:26','2022-12-14 13:44:26'),(2,'FORMOSA',NULL,NULL,NULL,'2022-12-14 13:44:26','2022-12-14 13:44:26'),(3,'JUJUY',NULL,NULL,NULL,'2022-12-14 13:44:26','2022-12-14 13:44:26'),(5,'CHACO',NULL,NULL,NULL,'2022-12-14 13:44:27','2022-12-14 13:44:27'),(6,'CHUBUT',NULL,NULL,NULL,'2022-12-14 13:44:28','2022-12-14 13:44:28'),(7,'CIUDAD AUTÓNOMA DE BUENOS AIRES',NULL,NULL,NULL,'2022-12-14 13:44:28','2022-12-14 13:44:28'),(8,'ENTRE RÍOS',NULL,NULL,NULL,'2022-12-14 13:44:28','2022-12-14 13:44:28'),(9,'LA RIOJA',NULL,NULL,NULL,'2022-12-15 14:22:25','2022-12-15 14:22:25'),(10,'MENDOZA',NULL,NULL,NULL,'2022-12-15 14:22:25','2022-12-15 14:22:25'),(11,'MISIONES',NULL,NULL,NULL,'2022-12-15 14:22:25','2022-12-15 14:22:25'),(12,'NEUQUÉN',NULL,NULL,NULL,'2022-12-15 14:22:26','2022-12-15 14:22:26'),(13,'MINISTERIO',NULL,NULL,NULL,'2022-12-15 14:22:26','2022-12-15 14:22:26'),(14,'NACIÓN',NULL,NULL,NULL,'2022-12-15 14:22:26','2022-12-15 14:22:26'),(15,'BUENOS AIRES',NULL,NULL,NULL,'2022-12-15 15:33:42','2022-12-15 15:33:42');

--
-- Table structure for table `levels`
--

CREATE TABLE `levels` (
  `id` int(11) NOT NULL AUTO_INCREMENT,
  `name` varchar(45) DEFAULT NULL,
  `identifier` varchar(45) DEFAULT NULL,
  `creator_user_id` int(11) DEFAULT NULL,
  `modifier_user_id` int(11) DEFAULT NULL,
  `time_created` datetime DEFAULT CURRENT_TIMESTAMP,
  `time_updated` datetime DEFAULT CURRENT_TIMESTAMP,
  PRIMARY KEY (`id`)
) ENGINE=InnoDB AUTO_INCREMENT=4 DEFAULT CHARSET=latin1;

--
-- Dumping data for table `levels`
--

INSERT INTO `levels` VALUES (2,'Primaria','primaria',NULL,NULL,'2022-12-14 13:42:56','2022-12-14 13:42:56'),(3,'Secundaria','secundaria',NULL,NULL,'2022-12-14 13:42:57','2022-12-14 13:42:57');

--
-- Table structure for table `profiles`
--

CREATE TABLE `profiles` (
  `id` int(11) NOT NULL AUTO_INCREMENT,
  `profile` varchar(50) DEFAULT NULL,
  `created_date` datetime DEFAULT NULL,
  `identificador` varchar(60) DEFAULT NULL,
  `creator_user_id` int(11) DEFAULT NULL,
  `modifier_user_id` int(11) DEFAULT NULL,
  `time_created` datetime DEFAULT NULL,
  `time_updated` datetime DEFAULT NULL,
  PRIMARY KEY (`id`)
) ENGINE=InnoDB AUTO_INCREMENT=4 DEFAULT CHARSET=utf8;

--
-- Dumping data for table `profiles`
--

INSERT INTO `profiles` VALUES (1,'Jida Administrador','2014-02-13 13:01:11','jadmin',NULL,NULL,NULL,NULL),(2,'Administrador','2014-02-13 13:01:11','admin',NULL,NULL,NULL,NULL),(3,'Cliente','2014-02-13 13:01:11','cliente',NULL,0,NULL,NULL);

--
-- Table structure for table `status`
--

CREATE TABLE `status` (
  `id` int(11) NOT NULL AUTO_INCREMENT,
  `status` varchar(45) DEFAULT NULL,
  `identifier` varchar(45) DEFAULT NULL,
  `creator_user_id` int(11) DEFAULT NULL,
  `modifier_user_id` int(11) DEFAULT NULL,
  `time_created` datetime DEFAULT NULL,
  `time_updated` datetime DEFAULT NULL,
  PRIMARY KEY (`id`)
) ENGINE=InnoDB AUTO_INCREMENT=5 DEFAULT CHARSET=utf8;

--
-- Dumping data for table `status`
--

INSERT INTO `status` VALUES (1,'Activo','activo',NULL,NULL,NULL,NULL),(2,'Inactivo','inactivo',NULL,NULL,NULL,NULL),(3,'Eliminado','eliminado',NULL,NULL,NULL,NULL),(4,'Data Incompleta','data_incompleta',NULL,NULL,NULL,NULL);

--
-- Table structure for table `users_code_values`
--

CREATE TABLE `users_code_values` (
  `id` int(11) NOT NULL AUTO_INCREMENT,
  `user_id` int(11) DEFAULT NULL,
  `user_value` varchar(45) DEFAULT NULL,
  `type_register` varchar(45) DEFAULT NULL,
  `status` varchar(45) DEFAULT NULL,
  `code` varchar(45) DEFAULT NULL,
  `time_created` datetime DEFAULT NULL,
  `time_updated` datetime DEFAULT NULL,
  `creator_user_id` int(11) DEFAULT NULL,
  `modifier_user_id` int(11) DEFAULT NULL,
  PRIMARY KEY (`id`)
) ENGINE=InnoDB DEFAULT CHARSET=latin1;

--
-- Dumping data for table `users_code_values`
--


--
-- Table structure for table `users_configurations`
--

CREATE TABLE `users_configurations` (
  `id` int(11) NOT NULL AUTO_INCREMENT,
  `user_id` int(11) DEFAULT NULL,
  `configuration` text,
  `creator_user_id` int(11) DEFAULT NULL,
  `modifier_user_id` int(11) DEFAULT NULL,
  `time_created` datetime DEFAULT NULL,
  `time_updated` datetime DEFAULT NULL,
  PRIMARY KEY (`id`)
) ENGINE=InnoDB DEFAULT CHARSET=utf8;

--
-- Dumping data for table `users_configurations`
--


--
-- Table structure for table `users_profiles`
--

CREATE TABLE `users_profiles` (
  `id` int(11) NOT NULL AUTO_INCREMENT,
  `user_id` int(11) DEFAULT NULL,
  `profile_id` int(11) DEFAULT NULL,
  `creator_user_id` int(11) DEFAULT NULL,
  `modifier_user_id` int(11) DEFAULT NULL,
  `time_created` datetime DEFAULT NULL,
  `time_updated` datetime DEFAULT NULL,
  PRIMARY KEY (`id`),
  KEY `fk_profiles_users_profiles_idx` (`profile_id`),
  KEY `fk_users_users_profiles_idx` (`user_id`),
  CONSTRAINT `fk_profiles_users_profiles` FOREIGN KEY (`profile_id`) REFERENCES `profiles` (`id`) ON DELETE CASCADE ON UPDATE CASCADE,
  CONSTRAINT `fk_users_users_profiles` FOREIGN KEY (`user_id`) REFERENCES `users` (`id`) ON DELETE CASCADE ON UPDATE CASCADE
) ENGINE=InnoDB AUTO_INCREMENT=24 DEFAULT CHARSET=utf8;

--
-- Dumping data for table `users_profiles`
--

INSERT INTO `users_profiles` VALUES (1,1,1,NULL,NULL,NULL,NULL),(2,1,2,NULL,NULL,NULL,NULL),(3,1,3,NULL,NULL,NULL,NULL),(6,2,1,NULL,NULL,NULL,NULL),(7,2,2,NULL,NULL,NULL,NULL),(8,2,3,NULL,NULL,NULL,NULL),(9,3,1,NULL,NULL,NULL,NULL),(10,3,2,NULL,NULL,NULL,NULL),(11,3,3,NULL,NULL,NULL,NULL),(18,6,1,NULL,NULL,NULL,NULL),(19,6,2,NULL,NULL,NULL,NULL),(20,6,3,NULL,NULL,NULL,NULL),(21,7,1,NULL,NULL,NULL,NULL),(22,7,2,NULL,NULL,NULL,NULL),(23,7,3,NULL,NULL,NULL,NULL);

--
-- Dumping routines for database 'lpa_kapelusz'
--


